{"id":9090,"date":"2020-03-10T14:32:05","date_gmt":"2020-03-10T15:42:14","guid":{"rendered":"https:\/\/burespro.neorgvirtual.com\/product\/adhesiu-per-gespa-artificial\/"},"modified":"2020-03-25T08:05:51","modified_gmt":"2020-03-25T08:05:51","slug":"adhesiu-per-gespa-artificial","status":"publish","type":"product","link":"https:\/\/www.burespro.com\/ca\/product\/adhesiu-per-gespa-artificial\/","title":{"rendered":"ADHESIU PER GESPA ARTIFICIAL"},"content":{"rendered":"<p>Adhesiu per a gespa artificial d&#8217;\u00fas professional, per a aplicaci\u00f3 sobre les bandes d&#8217;uni\u00f3. La cola permet un marge de temps durant l&#8217;aplicaci\u00f3, permetent els ajustaments necessaris per a un \u00f2ptim resultat. Al assecar-se l&#8217;adhesiu, la seva duraci\u00f3 en el temps \u00e9s constant i no perd adhesi\u00f3, aguantant les temperatures provocades pel sol, i les aig\u00fces de les pluges.<\/p>\n<p>El producte est\u00e0 disponible en format d&#8217; 1L, per a facilitar l&#8217;aplicaci\u00f3. Es tracta d&#8217;una cola monoproducte, amb base MDI. Aquest producte es troba en format l\u00edquid, i es solidifica i fortifica amb el contacte amb l&#8217;ambient, acabant de solidificar amb totalitat transcorreguts quatre o cinc dies despr\u00e9s de l&#8217;aplicaci\u00f3.<\/p>\n<p>Tamb\u00e9 es troba en format de 5kg multicomponent (A cola; B catalitzador), en un bid\u00f3 per a aplicaci\u00f3 amb pinzell o esp\u00e0tula d&#8217;aplicaci\u00f3. \u00c9s una cola estructural de poliuret\u00e0 d&#8217;alta densitat. Permet l&#8217;adhesi\u00f3 de la gespa amb les bandes d&#8217;uni\u00f3, i tamb\u00e9 permet enganxar-les al paviment, pr\u00e8via una preparaci\u00f3 de la superf\u00edcie (neteja de pols, greixos, olis i humitat), permetent una adhesi\u00f3 total passats d&#8217;un a quatre dies. Per a l&#8217;aplicaci\u00f3 dels Productes, \u00e9s imprescindible llegir les instruccions incorporades en el bid\u00f3 de cola(A) i el respectiu catalitzador (B), per a aplicar el producte adequadament i complir amb les normes de seguretat.<\/p>\n","protected":false},"excerpt":{"rendered":"<p>Adhesiu per a gespa artificial d&#8217;\u00fas professional, per a aplicaci\u00f3 sobre les bandes d&#8217;uni\u00f3. La cola permet un marge de temps durant l&#8217;aplicaci\u00f3, permetent els ajustaments necessaris per a un \u00f2ptim resultat. Al assecar-se l&#8217;adhesiu, la seva duraci\u00f3 en el temps \u00e9s constant i no perd adhesi\u00f3, aguantant les temperatures provocades pel sol, i les [&hellip;]<\/p>\n","protected":false},"featured_media":380,"comment_status":"closed","ping_status":"closed","template":"","meta":{"_acf_changed":false,"inline_featured_image":false},"product_brand":[],"product_cat":[158],"product_tag":[520,523,568],"sectores":[339,340,341,342],"class_list":{"0":"post-9090","1":"product","2":"type-product","3":"status-publish","4":"has-post-thumbnail","6":"product_cat-gespa-artificial","7":"product_tag-gespa-artificial","8":"product_tag-gespa-artificial-girona","9":"product_tag-muntatge-gespa-artificial","10":"sectores-jardineria-professional-paisatgisme","11":"sectores-administracions-publiques","12":"sectores-terrenys-esportius-professionals","13":"sectores-centres-de-jardineria","15":"first","16":"instock","17":"product-type-simple"},"acf":[],"yoast_head":"<!-- This site is optimized with the Yoast SEO plugin v26.7 - https:\/\/yoast.com\/wordpress\/plugins\/seo\/ -->\n<title>ADHESIU PER GESPA ARTIFICIAL | Bur\u00e9s Profesional<\/title>\n<meta name=\"robots\" content=\"index, follow, max-snippet:-1, max-image-preview:large, max-video-preview:-1\" \/>\n<link rel=\"canonical\" href=\"https:\/\/www.burespro.com\/ca\/product\/adhesiu-per-gespa-artificial\/\" \/>\n<meta property=\"og:locale\" content=\"ca_ES\" \/>\n<meta property=\"og:type\" content=\"article\" \/>\n<meta property=\"og:title\" content=\"ADHESIU PER GESPA ARTIFICIAL | Bur\u00e9s Profesional\" \/>\n<meta property=\"og:description\" content=\"Adhesiu per a gespa artificial d&#8217;\u00fas professional, per a aplicaci\u00f3 sobre les bandes d&#8217;uni\u00f3. La cola permet un marge de temps durant l&#8217;aplicaci\u00f3, permetent els ajustaments necessaris per a un \u00f2ptim resultat. Al assecar-se l&#8217;adhesiu, la seva duraci\u00f3 en el temps \u00e9s constant i no perd adhesi\u00f3, aguantant les temperatures provocades pel sol, i les [&hellip;]\" \/>\n<meta property=\"og:url\" content=\"https:\/\/www.burespro.com\/ca\/product\/adhesiu-per-gespa-artificial\/\" \/>\n<meta property=\"og:site_name\" content=\"Bur\u00e9s Profesional\" \/>\n<meta property=\"article:publisher\" content=\"https:\/\/www.facebook.com\/buresprofesionalsa\" \/>\n<meta property=\"article:modified_time\" content=\"2020-03-25T08:05:51+00:00\" \/>\n<meta property=\"og:image\" content=\"https:\/\/www.burespro.com\/wp-content\/uploads\/2020\/01\/244_medium.jpg\" \/>\n\t<meta property=\"og:image:width\" content=\"599\" \/>\n\t<meta property=\"og:image:height\" content=\"600\" \/>\n\t<meta property=\"og:image:type\" content=\"image\/jpeg\" \/>\n<meta name=\"twitter:card\" content=\"summary_large_image\" \/>\n<meta name=\"twitter:label1\" content=\"Temps estimat de lectura\" \/>\n\t<meta name=\"twitter:data1\" content=\"1 minut\" \/>\n<script type=\"application\/ld+json\" class=\"yoast-schema-graph\">{\"@context\":\"https:\/\/schema.org\",\"@graph\":[{\"@type\":\"WebPage\",\"@id\":\"https:\/\/www.burespro.com\/ca\/product\/adhesiu-per-gespa-artificial\/\",\"url\":\"https:\/\/www.burespro.com\/ca\/product\/adhesiu-per-gespa-artificial\/\",\"name\":\"ADHESIU PER GESPA ARTIFICIAL | Bur\u00e9s Profesional\",\"isPartOf\":{\"@id\":\"https:\/\/www.burespro.com\/#website\"},\"primaryImageOfPage\":{\"@id\":\"https:\/\/www.burespro.com\/ca\/product\/adhesiu-per-gespa-artificial\/#primaryimage\"},\"image\":{\"@id\":\"https:\/\/www.burespro.com\/ca\/product\/adhesiu-per-gespa-artificial\/#primaryimage\"},\"thumbnailUrl\":\"https:\/\/www.burespro.com\/wp-content\/uploads\/2020\/01\/244_medium.jpg\",\"datePublished\":\"2020-03-10T15:42:14+00:00\",\"dateModified\":\"2020-03-25T08:05:51+00:00\",\"breadcrumb\":{\"@id\":\"https:\/\/www.burespro.com\/ca\/product\/adhesiu-per-gespa-artificial\/#breadcrumb\"},\"inLanguage\":\"ca\",\"potentialAction\":[{\"@type\":\"ReadAction\",\"target\":[\"https:\/\/www.burespro.com\/ca\/product\/adhesiu-per-gespa-artificial\/\"]}]},{\"@type\":\"ImageObject\",\"inLanguage\":\"ca\",\"@id\":\"https:\/\/www.burespro.com\/ca\/product\/adhesiu-per-gespa-artificial\/#primaryimage\",\"url\":\"https:\/\/www.burespro.com\/wp-content\/uploads\/2020\/01\/244_medium.jpg\",\"contentUrl\":\"https:\/\/www.burespro.com\/wp-content\/uploads\/2020\/01\/244_medium.jpg\",\"width\":599,\"height\":600},{\"@type\":\"BreadcrumbList\",\"@id\":\"https:\/\/www.burespro.com\/ca\/product\/adhesiu-per-gespa-artificial\/#breadcrumb\",\"itemListElement\":[{\"@type\":\"ListItem\",\"position\":1,\"name\":\"Inici\",\"item\":\"https:\/\/www.burespro.com\/ca\/\"},{\"@type\":\"ListItem\",\"position\":2,\"name\":\"Productes\",\"item\":\"https:\/\/www.burespro.com\/ca\/adobs-fertilitzants\/\"},{\"@type\":\"ListItem\",\"position\":3,\"name\":\"ADHESIU PER GESPA ARTIFICIAL\"}]},{\"@type\":\"WebSite\",\"@id\":\"https:\/\/www.burespro.com\/#website\",\"url\":\"https:\/\/www.burespro.com\/\",\"name\":\"Bur\u00e9s Profesional\",\"description\":\"Fabricants de terres, substrats de cultiu, fertilitzants i adobs org\u00e0nics\",\"potentialAction\":[{\"@type\":\"SearchAction\",\"target\":{\"@type\":\"EntryPoint\",\"urlTemplate\":\"https:\/\/www.burespro.com\/?s={search_term_string}\"},\"query-input\":{\"@type\":\"PropertyValueSpecification\",\"valueRequired\":true,\"valueName\":\"search_term_string\"}}],\"inLanguage\":\"ca\"}]}<\/script>\n<!-- \/ Yoast SEO plugin. -->","yoast_head_json":{"title":"ADHESIU PER GESPA ARTIFICIAL | Bur\u00e9s Profesional","robots":{"index":"index","follow":"follow","max-snippet":"max-snippet:-1","max-image-preview":"max-image-preview:large","max-video-preview":"max-video-preview:-1"},"canonical":"https:\/\/www.burespro.com\/ca\/product\/adhesiu-per-gespa-artificial\/","og_locale":"ca_ES","og_type":"article","og_title":"ADHESIU PER GESPA ARTIFICIAL | Bur\u00e9s Profesional","og_description":"Adhesiu per a gespa artificial d&#8217;\u00fas professional, per a aplicaci\u00f3 sobre les bandes d&#8217;uni\u00f3. La cola permet un marge de temps durant l&#8217;aplicaci\u00f3, permetent els ajustaments necessaris per a un \u00f2ptim resultat. Al assecar-se l&#8217;adhesiu, la seva duraci\u00f3 en el temps \u00e9s constant i no perd adhesi\u00f3, aguantant les temperatures provocades pel sol, i les [&hellip;]","og_url":"https:\/\/www.burespro.com\/ca\/product\/adhesiu-per-gespa-artificial\/","og_site_name":"Bur\u00e9s Profesional","article_publisher":"https:\/\/www.facebook.com\/buresprofesionalsa","article_modified_time":"2020-03-25T08:05:51+00:00","og_image":[{"width":599,"height":600,"url":"https:\/\/www.burespro.com\/wp-content\/uploads\/2020\/01\/244_medium.jpg","type":"image\/jpeg"}],"twitter_card":"summary_large_image","twitter_misc":{"Temps estimat de lectura":"1 minut"},"schema":{"@context":"https:\/\/schema.org","@graph":[{"@type":"WebPage","@id":"https:\/\/www.burespro.com\/ca\/product\/adhesiu-per-gespa-artificial\/","url":"https:\/\/www.burespro.com\/ca\/product\/adhesiu-per-gespa-artificial\/","name":"ADHESIU PER GESPA ARTIFICIAL | Bur\u00e9s Profesional","isPartOf":{"@id":"https:\/\/www.burespro.com\/#website"},"primaryImageOfPage":{"@id":"https:\/\/www.burespro.com\/ca\/product\/adhesiu-per-gespa-artificial\/#primaryimage"},"image":{"@id":"https:\/\/www.burespro.com\/ca\/product\/adhesiu-per-gespa-artificial\/#primaryimage"},"thumbnailUrl":"https:\/\/www.burespro.com\/wp-content\/uploads\/2020\/01\/244_medium.jpg","datePublished":"2020-03-10T15:42:14+00:00","dateModified":"2020-03-25T08:05:51+00:00","breadcrumb":{"@id":"https:\/\/www.burespro.com\/ca\/product\/adhesiu-per-gespa-artificial\/#breadcrumb"},"inLanguage":"ca","potentialAction":[{"@type":"ReadAction","target":["https:\/\/www.burespro.com\/ca\/product\/adhesiu-per-gespa-artificial\/"]}]},{"@type":"ImageObject","inLanguage":"ca","@id":"https:\/\/www.burespro.com\/ca\/product\/adhesiu-per-gespa-artificial\/#primaryimage","url":"https:\/\/www.burespro.com\/wp-content\/uploads\/2020\/01\/244_medium.jpg","contentUrl":"https:\/\/www.burespro.com\/wp-content\/uploads\/2020\/01\/244_medium.jpg","width":599,"height":600},{"@type":"BreadcrumbList","@id":"https:\/\/www.burespro.com\/ca\/product\/adhesiu-per-gespa-artificial\/#breadcrumb","itemListElement":[{"@type":"ListItem","position":1,"name":"Inici","item":"https:\/\/www.burespro.com\/ca\/"},{"@type":"ListItem","position":2,"name":"Productes","item":"https:\/\/www.burespro.com\/ca\/adobs-fertilitzants\/"},{"@type":"ListItem","position":3,"name":"ADHESIU PER GESPA ARTIFICIAL"}]},{"@type":"WebSite","@id":"https:\/\/www.burespro.com\/#website","url":"https:\/\/www.burespro.com\/","name":"Bur\u00e9s Profesional","description":"Fabricants de terres, substrats de cultiu, fertilitzants i adobs org\u00e0nics","potentialAction":[{"@type":"SearchAction","target":{"@type":"EntryPoint","urlTemplate":"https:\/\/www.burespro.com\/?s={search_term_string}"},"query-input":{"@type":"PropertyValueSpecification","valueRequired":true,"valueName":"search_term_string"}}],"inLanguage":"ca"}]}},"_links":{"self":[{"href":"https:\/\/www.burespro.com\/ca\/wp-json\/wp\/v2\/product\/9090","targetHints":{"allow":["GET"]}}],"collection":[{"href":"https:\/\/www.burespro.com\/ca\/wp-json\/wp\/v2\/product"}],"about":[{"href":"https:\/\/www.burespro.com\/ca\/wp-json\/wp\/v2\/types\/product"}],"replies":[{"embeddable":true,"href":"https:\/\/www.burespro.com\/ca\/wp-json\/wp\/v2\/comments?post=9090"}],"wp:featuredmedia":[{"embeddable":true,"href":"https:\/\/www.burespro.com\/ca\/wp-json\/wp\/v2\/media\/380"}],"wp:attachment":[{"href":"https:\/\/www.burespro.com\/ca\/wp-json\/wp\/v2\/media?parent=9090"}],"wp:term":[{"taxonomy":"product_brand","embeddable":true,"href":"https:\/\/www.burespro.com\/ca\/wp-json\/wp\/v2\/product_brand?post=9090"},{"taxonomy":"product_cat","embeddable":true,"href":"https:\/\/www.burespro.com\/ca\/wp-json\/wp\/v2\/product_cat?post=9090"},{"taxonomy":"product_tag","embeddable":true,"href":"https:\/\/www.burespro.com\/ca\/wp-json\/wp\/v2\/product_tag?post=9090"},{"taxonomy":"sectores","embeddable":true,"href":"https:\/\/www.burespro.com\/ca\/wp-json\/wp\/v2\/sectores?post=9090"}],"curies":[{"name":"wp","href":"https:\/\/api.w.org\/{rel}","templated":true}]}}

<p>Adhesiu per a gespa artificial d&#8217;ús professional, per a aplicació sobre les bandes d&#8217;unió. La cola permet un marge de temps durant l&#8217;aplicació, permetent els ajustaments necessaris per a un òptim resultat. Al assecar-se l&#8217;adhesiu, la seva duració en el temps és constant i no perd adhesió, aguantant les temperatures provocades pel sol, i les aigües de les pluges.</p>
<p>El producte està disponible en format d&#8217; 1L, per a facilitar l&#8217;aplicació. Es tracta d&#8217;una cola monoproducte, amb base MDI. Aquest producte es troba en format líquid, i es solidifica i fortifica amb el contacte amb l&#8217;ambient, acabant de solidificar amb totalitat transcorreguts quatre o cinc dies després de l&#8217;aplicació.</p>
<p>També es troba en format de 5kg multicomponent (A cola; B catalitzador), en un bidó per a aplicació amb pinzell o espàtula d&#8217;aplicació. És una cola estructural de poliuretà d&#8217;alta densitat. Permet l&#8217;adhesió de la gespa amb les bandes d&#8217;unió, i també permet enganxar-les al paviment, prèvia una preparació de la superfície (neteja de pols, greixos, olis i humitat), permetent una adhesió total passats d&#8217;un a quatre dies. Per a l&#8217;aplicació dels Productes, és imprescindible llegir les instruccions incorporades en el bidó de cola(A) i el respectiu catalitzador (B), per a aplicar el producte adequadament i complir amb les normes de seguretat.</p>

<p>Adhesiu per a gespa artificial d&#8217;ús professional, per a aplicació sobre les bandes d&#8217;unió. La cola permet un marge de temps durant l&#8217;aplicació, permetent els ajustaments necessaris per a un òptim resultat. Al assecar-se l&#8217;adhesiu, la seva duració en el temps és constant i no perd adhesió, aguantant les temperatures provocades pel sol, i les [&hellip;]</p>

<!-- This site is optimized with the Yoast SEO plugin v26.7 - https://yoast.com/wordpress/plugins/seo/ -->
<title>ADHESIU PER GESPA ARTIFICIAL | Burés Profesional</title>
<meta name="robots" content="index, follow, max-snippet:-1, max-image-preview:large, max-video-preview:-1" />
<link rel="canonical" href="https://www.burespro.com/ca/product/adhesiu-per-gespa-artificial/" />
<meta property="og:locale" content="ca_ES" />
<meta property="og:type" content="article" />
<meta property="og:title" content="ADHESIU PER GESPA ARTIFICIAL | Burés Profesional" />
<meta property="og:description" content="Adhesiu per a gespa artificial d&#8217;ús professional, per a aplicació sobre les bandes d&#8217;unió. La cola permet un marge de temps durant l&#8217;aplicació, permetent els ajustaments necessaris per a un òptim resultat. Al assecar-se l&#8217;adhesiu, la seva duració en el temps és constant i no perd adhesió, aguantant les temperatures provocades pel sol, i les [&hellip;]" />
<meta property="og:url" content="https://www.burespro.com/ca/product/adhesiu-per-gespa-artificial/" />
<meta property="og:site_name" content="Burés Profesional" />
<meta property="article:publisher" content="https://www.facebook.com/buresprofesionalsa" />
<meta property="article:modified_time" content="2020-03-25T08:05:51+00:00" />
<meta property="og:image" content="https://www.burespro.com/wp-content/uploads/2020/01/244_medium.jpg" />
	<meta property="og:image:width" content="599" />
	<meta property="og:image:height" content="600" />
	<meta property="og:image:type" content="image/jpeg" />
<meta name="twitter:card" content="summary_large_image" />
<meta name="twitter:label1" content="Temps estimat de lectura" />
	<meta name="twitter:data1" content="1 minut" />
<script type="application/ld+json" class="yoast-schema-graph">{"@context":"https://schema.org","@graph":[{"@type":"WebPage","@id":"https://www.burespro.com/ca/product/adhesiu-per-gespa-artificial/","url":"https://www.burespro.com/ca/product/adhesiu-per-gespa-artificial/","name":"ADHESIU PER GESPA ARTIFICIAL | Burés Profesional","isPartOf":{"@id":"https://www.burespro.com/#website"},"primaryImageOfPage":{"@id":"https://www.burespro.com/ca/product/adhesiu-per-gespa-artificial/#primaryimage"},"image":{"@id":"https://www.burespro.com/ca/product/adhesiu-per-gespa-artificial/#primaryimage"},"thumbnailUrl":"https://www.burespro.com/wp-content/uploads/2020/01/244_medium.jpg","datePublished":"2020-03-10T15:42:14+00:00","dateModified":"2020-03-25T08:05:51+00:00","breadcrumb":{"@id":"https://www.burespro.com/ca/product/adhesiu-per-gespa-artificial/#breadcrumb"},"inLanguage":"ca","potentialAction":[{"@type":"ReadAction","target":["https://www.burespro.com/ca/product/adhesiu-per-gespa-artificial/"]}]},{"@type":"ImageObject","inLanguage":"ca","@id":"https://www.burespro.com/ca/product/adhesiu-per-gespa-artificial/#primaryimage","url":"https://www.burespro.com/wp-content/uploads/2020/01/244_medium.jpg","contentUrl":"https://www.burespro.com/wp-content/uploads/2020/01/244_medium.jpg","width":599,"height":600},{"@type":"BreadcrumbList","@id":"https://www.burespro.com/ca/product/adhesiu-per-gespa-artificial/#breadcrumb","itemListElement":[{"@type":"ListItem","position":1,"name":"Inici","item":"https://www.burespro.com/ca/"},{"@type":"ListItem","position":2,"name":"Productes","item":"https://www.burespro.com/ca/adobs-fertilitzants/"},{"@type":"ListItem","position":3,"name":"ADHESIU PER GESPA ARTIFICIAL"}]},{"@type":"WebSite","@id":"https://www.burespro.com/#website","url":"https://www.burespro.com/","name":"Burés Profesional","description":"Fabricants de terres, substrats de cultiu, fertilitzants i adobs orgànics","potentialAction":[{"@type":"SearchAction","target":{"@type":"EntryPoint","urlTemplate":"https://www.burespro.com/?s={search_term_string}"},"query-input":{"@type":"PropertyValueSpecification","valueRequired":true,"valueName":"search_term_string"}}],"inLanguage":"ca"}]}</script>
<!-- / Yoast SEO plugin. -->

ADHESIU PER GESPA ARTIFICIAL | Burés Profesional

Adhesiu per a gespa artificial d&#8217;ús professional, per a aplicació sobre les bandes d&#8217;unió. La cola permet un marge de temps durant l&#8217;aplicació, permetent els ajustaments necessaris per a un òptim resultat. Al assecar-se l&#8217;adhesiu, la seva duració en el temps és constant i no perd adhesió, aguantant les temperatures provocades pel sol, i les [&hellip;]

Burés Profesional

Fabricants de terres, substrats de cultiu, fertilitzants i adobs orgànics
